{"version":"1.0","provider_name":"Ember","provider_url":"https:\/\/ember.cafeblog.hu","author_name":"Ginger Rose","author_url":"https:\/\/ember.cafeblog.hu\/author\/ginger_rose\/","title":"F\u00fcst napl\u00f3 4.","html":"<h3 style=\"text-align: center\">A negyedik<\/h3>\r\n<p>&nbsp;<\/p>\r\n<p><img class=\"alignnone  wp-image-136 aligncenter\" src=\"https:\/\/ember.cafeblog.hu\/files\/2017\/07\/pexels-photo-509203-300x200.jpg\" alt=\"\" width=\"408\" height=\"272\" \/><\/p>\r\n<p>&nbsp;<\/p>\r\n<p>H\u00e1t nem szoktam le. K\u00f3stolgattam, vizsg\u00e1lgattam a gondolataimat, testi \u00e9rzeteimet, amik arra k\u00e9nyszer\u00edtenek, hogy a logika ellen cselekedve m\u00e9gis r\u00e1gy\u00fajtsak a cigimre.<\/p>\r\n<p>Voltam sok t\u00edzezer\u00e9rt a tuti garanci\u00e1lis leszoktat\u00f3s ter\u00e1pi\u00e1n is. Itt t\u00f6bbnyire besz\u00e9lgett\u00fcnk a\u00a0 cigir\u0151l, volt egy kis hipn\u00f3zis is a v\u00e9g\u00e9n. Sz\u00e1mos \u00e9rt\u00e9kes gondolat hangzott itt is el. Ett\u0151l sem szoktam le.<\/p>\r\n<p>Tudom, hogy nem nyugtat meg, nem dob fel, nem old meg semmit helyettem \u00e9s csak p\u00e9nz kidob\u00e1s. A hipn\u00f3zis is j\u00f3 volt... semmit nem haszn\u00e1lt. Ezt itthon youtube-on is kipr\u00f3b\u00e1ltam. Vettem k\u00f6nyveket is a t\u00e9m\u00e1ban. Pr\u00f3b\u00e1lkoztam a m\u00e9ly l\u00e9gz\u00e9s technik\u00e1val a cigi helyett.<\/p>\r\n<p>F\u00fcgg\u0151 sem vagyok, mivel \u00e9jjel nem doh\u00e1nyzom, nem kelek fel, hogy csillap\u00edtsam \u00e9hs\u00e9g\u00e9t az \u00e1llatnak. Sim\u00e1n, b\u00e9k\u00e9sen alszom. Ha a nap 24 \u00f3r\u00e1j\u00e1t tekintem \u00f6sszesen 1 \u00f3r\u00e1t t\u00f6lt\u00f6k doh\u00e1nyz\u00e1ssal a legrosszabb napon. Ha innen n\u00e9zem, vajon mondhatom-e, hogy f\u00fcgg\u0151 vagyok?<\/p>\r\n<p>Mi a f\u00fcgg\u00e9s? Ki kell el\u00e9g\u00edtened a v\u00e1gyat k\u00fcl\u00f6nben.... K\u00fcl\u00f6nben mi?<\/p>\r\n<p>A nagyvad azonban enn\u00e9l okosabb volt. Nem tudom mikor \u00e9s hol sz\u00fcletett. Nem tudom mikor engedtem be, hogy bennem lakjon, \u00e9s lakm\u00e1rozzon. Tal\u00e1n nem is l\u00e9nyeges. Tal\u00e1n az a bizonyos els\u0151 cigi el\u0151tti pillanat. Amikor m\u00e1r a gondolat-v\u00e1gy mag m\u00e1r cs\u00edr\u00e1t vetett. A cselekv\u00e9s m\u00e1r csak a m\u00e1sodik volt. A nagyvad m\u00e1r azel\u0151tt l\u00e9tezett, hogy az els\u0151 cigim elsz\u00edvtam volna.<\/p>\r\n<p>Ki ez? Mi ez? Mit etetek? \u00c9s mi t\u00f6rt\u00e9nik, ha nem etetem tov\u00e1bb?<\/p>\r\n<p>N\u00e1lam nem m\u0171k\u00f6dik a valami ellen k\u00fczdeni elv. Valami\u00e9rt \u00e9rdemes k\u00fczdeni.<\/p>\r\n<p>&nbsp;<\/p>\r\n<p>N\u00e9zz\u00fck mi lehet a motiv\u00e1ci\u00f3m arra, hogy leszokjak:<\/p>\r\n<p>T\u00f6bb p\u00e9nzem maradna - \u00f6\u00f6\u00f6\u00f6\u00f6<\/p>\r\n<p>Eg\u00e9szs\u00e9gesebb lenn\u00e9k - \u00f6\u00f6\u00f6\u00f6<\/p>\r\n<p>Jobb illatom lenne\u00a0 - \u00f6\u00f6\u00f6\u00f6<\/p>\r\n<p>Megveregethetn\u00e9m a v\u00e1llam milyen \u00fcgyes vagyok, hogy megtettem, letettem - \u00f6\u00f6\u00f6\u00f6<\/p>\r\n<p>&nbsp;<\/p>\r\n<p>Van valakinek jobb motiv\u00e1ci\u00f3ja?<\/p>\r\n<p>&nbsp;<\/p>","type":"rich","thumbnail_url":"https:\/\/ember.cafeblog.hu\/files\/2017\/07\/pexels-photo-509203-150x150.jpg","thumbnail_width":150,"thumbnail_height":150}

Füst napló 4.

<h3 style="text-align: center">A negyedik</h3>
<p>&nbsp;</p>
<p><img class="alignnone  wp-image-136 aligncenter" src="https://ember.cafeblog.hu/files/2017/07/pexels-photo-509203-300x200.jpg" alt="" width="408" height="272" /></p>
<p>&nbsp;</p>
<p>Hát nem szoktam le. Kóstolgattam, vizsgálgattam a gondolataimat, testi érzeteimet, amik arra kényszerítenek, hogy a logika ellen cselekedve mégis rágyújtsak a cigimre.</p>
<p>Voltam sok tízezerért a tuti garanciális leszoktatós terápián is. Itt többnyire beszélgettünk a  cigiről, volt egy kis hipnózis is a végén. Számos értékes gondolat hangzott itt is el. Ettől sem szoktam le.</p>
<p>Tudom, hogy nem nyugtat meg, nem dob fel, nem old meg semmit helyettem és csak pénz kidobás. A hipnózis is jó volt... semmit nem használt. Ezt itthon youtube-on is kipróbáltam. Vettem könyveket is a témában. Próbálkoztam a mély légzés technikával a cigi helyett.</p>
<p>Függő sem vagyok, mivel éjjel nem dohányzom, nem kelek fel, hogy csillapítsam éhségét az állatnak. Simán, békésen alszom. Ha a nap 24 óráját tekintem összesen 1 órát töltök dohányzással a legrosszabb napon. Ha innen nézem, vajon mondhatom-e, hogy függő vagyok?</p>
<p>Mi a függés? Ki kell elégítened a vágyat különben.... Különben mi?</p>
<p>A nagyvad azonban ennél okosabb volt. Nem tudom mikor és hol született. Nem tudom mikor engedtem be, hogy bennem lakjon, és lakmározzon. Talán nem is lényeges. Talán az a bizonyos első cigi előtti pillanat. Amikor már a gondolat-vágy mag már csírát vetett. A cselekvés már csak a második volt. A nagyvad már azelőtt létezett, hogy az első cigim elszívtam volna.</p>
<p>Ki ez? Mi ez? Mit etetek? És mi történik, ha nem etetem tovább?</p>
<p>Nálam nem működik a valami ellen küzdeni elv. Valamiért érdemes küzdeni.</p>
<p>&nbsp;</p>
<p>Nézzük mi lehet a motivációm arra, hogy leszokjak:</p>
<p>Több pénzem maradna - ööööö</p>
<p>Egészségesebb lennék - öööö</p>
<p>Jobb illatom lenne  - öööö</p>
<p>Megveregethetném a vállam milyen ügyes vagyok, hogy megtettem, letettem - öööö</p>
<p>&nbsp;</p>
<p>Van valakinek jobb motivációja?</p>
<p>&nbsp;</p>
